r of m and u?
32
Let b be (7 - 4 - 4) + (-3 - -7). What is the highest common divisor of 2 and b?
1
Let u(t) = -3*t + 11. Let p be u(-7). Suppose -5*g - 2*k + 48 = -20, 4*k + p = 2*g. What is the greatest common factor of g and 98?
14
Let c = -181 - -215. Suppose 0 = -2*d - d + 102. What is the highest common divisor of c and d?
34
Let f be 2*((-3240)/16)/(-5). What is the greatest common factor of 9 and f?
9
Suppose 0 = -3*k - 96 + 117. What is the highest common divisor of 7 and k?
7
Let k(v) = v**3 - 5*v**2 - 7*v + 7. Let z be k(6). Let a be (-1 - z) + (33 - 26). Calculate the highest common factor of 15 and a.
5
Let j(x) = x**2 + 12*x + 6. Suppose -12*y + 7*y - 5 = 0. Let n be (y - 0)/((-1)/(-16)). Let t be j(n). What is the highest common divisor of 10 and t?
10
Let p(y) = -2*y**2 - 12*y + 3. Let k be p(-9). Let g = -40 - k. What is the greatest common divisor of 1 and g?
1
Let o(f) be the third derivative of -f**6/120 + f**5/12 + 2*f**3/3 - 9*f**2. Let r be o(4). What is the greatest common divisor of r and 160?
20
Let a = 65 - 63. Suppose 0 = w - 0*w + 3*q - a, -4*w + 18 = 2*q. What is the greatest common factor of 65 and w?
5
Let t = 828 - 582. Suppose 0 = -5*k + t + 469. What is the highest common factor of k and 13?
13
Let h be 5*4/(40/42). Suppose o - 3*k = -2, 4*o - 4*k - 16 = -0*o. Calculate the highest common factor of h and o.
7
Let c(o) = o - 2. Let j be c(1). Let f(i) = -33*i - 1. Let d be f(j). Calculate the highest common divisor of d and 32.
32
Let l be 9/((-45)/35) - -126. What is the highest common divisor of l and 35?
7
Let z = 28 - 16. Let p(y) = -y**3 - 3*y**2 + 2*y + 10. Let g be p(-3). Calculate the greatest common factor of g and z.
4
Suppose -40 = -16*v + 15*v. Suppose -q = -2*l - 2*l + 3, -2 = q - 3*l. Let o be 14*(-6)/(-4) - q. What is the greatest common divisor of v and o?
20
Let x be 1/(-5)*-2*-35. Let b = x - -10. Let z(i) = -i**3 - 5*i**2 - 7*i - 8. Let k be z(b). Calculate the highest common factor of 12 and k.
4
Let x = -468 + 660. Suppose 71*o = 67*o + x. What is the greatest common divisor of 120 and o?
24
Let k(b) = b**3 - 14*b**2 + 10*b + 23. Let u be k(14). Let l = -145 + u. Calculate the highest common divisor of 4 and l.
2
Suppose -2*a + 3*a = -s + 73, 3*a - 2*s - 199 = 0. Let f = -4094 - -4117. Calculate the greatest common factor of a and f.
23
Let a(m) = 5*m**2 - 12*m - 6. Let h be a(4). Suppose 31 = 2*b - r, 4*b = b - 2*r + 29. Calculate the greatest common factor of h and b.
13
Let m(j) = 6*j**3 - 2*j**2. Let k be m(1). What is the greatest common divisor of k and 38?
2
Let o(u) = 24*u**2 + 5*u + 1. Let c be o(1). What is the highest common factor of 6 and c?
6
Let v be 638 - (1 + (2 - -2)). What is the greatest common factor of v and 3?
3
Let g(l) = 7*l**2 - 5*l + 6. Let d be g(2). Calculate the highest common factor of 60 and d.
12
Suppose 0 = 8*v - 305 - 679. Calculate the highest common divisor of 41 and v.
41
Let n be 21/15 - 6/(-10). Let f be (n - 5) + 1 - (-19 - -3). What is the greatest common divisor of 42 and f?
14
Suppose -2*g + 0*g = -4. Let p be ((-3)/7)/(-3) - (-333)/21. Let n = 34 - p. What is the highest common divisor of n and g?
2
Suppose -w = -2*w + 16. Suppose 126 = 10*g - 814. Suppose g = 4*l + 3*d - 2*d, 2*l = -d + 46. What is the highest common divisor of w and l?
8
Suppose -1501 = -16*s + 11011. Calculate the greatest common factor of s and 46.
46
Let h = 22 + -71. Let b = -33 - h. Suppose 12 = 3*s + 5*k, -k = s + 3*s - b. Calculate the highest common factor of s and 4.
4
Suppose 5*x + 3*x - 16 = 0. Suppose -410 = -i - x*g, 4*g - 3240 = -5*i - 1166. Calculate the greatest common factor of 38 and i.
38
Let w = 57 - 152. Let z = w + 119. What is the highest common divisor of 108 and z?
12
Let m = 800 + -786. Calculate the highest common divisor of 63 and m.
7
Let j(q) = 3*q**2 + 21*q - 59. Let p be j(3). What is the highest common factor of 248 and p?
31
Suppose 5*g = 11 - 1. Let k be (-2)/(g/3) - (-1 - 38). Calculate the highest common divisor of 4 and k.
4
Suppose 33 = -29*c + 236. Let h = -3 + 8. Suppose 2*p = u + 10 - 5, -11 = 4*p + h*u. Calculate the greatest common divisor of c and p.
1
Let k(d) = -d**3 - 9*d**2 + 6*d - 14. Let j be k(-10). What is the highest common factor of 52 and j?
26
Suppose 381 = 4*a - 171. Suppose -2*i + 127 = -3*t - 2*t, -3*t = 3*i - a. Calculate the greatest common factor of i and 17.
17
Let h(r) = 3*r**2 - 28*r + 124. Let m be h(6). What is the highest common factor of 864 and m?
32
Suppose 4*y + 0*y = v - 79, -2*y = -2*v + 134. Let r = -48 + v. What is the highest common factor of r and 3?
3
Suppose -140 = 7*v - 3731. What is the greatest common divisor of 3 and v?
3
Let k = 13 + -5. Suppose 4*s = k*s. Suppose l - 2*t - 1 - 17 = 0, 4*t + 4 = s. What is the greatest common factor of l and 128?
16
Suppose 12*d - 360 = -0*d. What is the highest common divisor of 255 and d?
15
Let r be 165*(13 - 75/9). What is the greatest common factor of 210 and r?
70
Let x(n) = -6*n + 14. Let c(s) = -s + 1. Let u(w) = -3*c(w) + x(w). Let r be u(-11). What is the greatest common divisor of 88 and r?
44
Let r be (18/4)/(1/22). Let a be ((-27)/(-15) + 1)*-30. Let x = a - -93. Calculate the greatest common factor of x and r.
9
Suppose 4*x - 5*k - 945 = 0, -x - 3*x + k = -957. Calculate the highest common divisor of x and 280.
40
Suppose 4*h + 4*s + 204 = 0, -h + 3*s - 13 = 34. Let p = h + 72. What is the greatest common factor of 44 and p?
22
Let d be (0 + 4*2)*363/132. Let b be 4/6 + (-194)/(-6). Calculate the greatest common factor of b and d.
11
Suppose 0 = 3*n - 5*n + 4. Suppose -5*j - 2*o = -28, j + 8 = 6*j - 3*o. What is the highest common factor of j and n?
2
Let z = 47 - 37. Let j be 3/(-15) - (2 + 430/(-25)). Calculate the greatest common divisor of z and j.
5
Let c = 4 - 0. Suppose h - 4*h - 51 = -b, -2*b + 70 = -c*h. Let n be h/((-4)/8*1). Calculate the highest common factor of n and 80.
16
Let k = 196 - 187. What is the highest common factor of 9 and k?
9
Suppose -3*w - 4*f + 30 = 0, w + 17*f - 12*f = 10. What is the highest common divisor of w and 1210?
10
Let z be (-1 + 0)/((-9)/(4 - -104)). Let k(q) = 45*q - 6. Let w be k(2). What is the highest common divisor of w and z?
12
Let m = 850 - 760. What is the greatest common divisor of 300 and m?
30
Suppose 13*k + 189 = 16*k. Suppose -k*c - 80 = -68*c. Calculate the greatest common divisor of 112 and c.
16
Suppose -2338 = -15*s + 422. What is the greatest common factor of s and 1012?
92
Let q(g) = -4*g + 3. Let v be q(-8). Let k(j) = -j**2 + 9*j + 2. Let p be k(7). Let n be 4/p - (-81)/12. Calculate the greatest common factor of n and v.
7
Let h(z) = -19*z - 3. Let t be h(-2). What is the greatest common divisor of 7 and t?
7
Let i(g) = -2*g - 7. Let l be i(-7). Suppose -22 + l = 3*f. Let b be (31/f)/((-2)/10). What is the greatest common divisor of b and 31?
31
Suppose -8 = -2*h + 6. Suppose 0 = 3*j - 12, 1 - h = 2*n - j. Let q(o) = -44*o + 1. Let u be q(n). What is the highest common factor of 9 and u?
9
Let u(l) = 50*l - 315. Let g be u(12). What is the highest common factor of g and 15?
15
Let a(c) = c**3 - 2*c**2 - 14*c - 12. Let s be a(-5). Let k = 173 + s. What is the greatest common divisor of k and 14?
14
Suppose 0 = 3*x - f - 213, -6*f = 5*x - 5*f - 363. Let u(y) = y**3 - 4*y**2 + 3*y - 4. Let s be u(4). What is the greatest common factor of s and x?
8
Let c = 2575 + -1159. Let h be c/28 + (-25)/7 + 3. What is the highest common factor of 25 and h?
25
Let b be (-21)/49 - ((-1228)/7 - 2). Calculate the greatest common divisor of b and 236.
59
Let g = -161 + 257. Let b(i) = -i**3 - 11*i**2 - i - 1. Let y be b(-11). Let o be (-5)/y*-50 - 1. What is the highest common divisor of g and o?
24
Let p = 798 + -733. Calculate the greatest common factor of p and 520.
65
Let g be 12*6/(-48)*-44. What is the highest common factor of g and 66?
66
Suppose -8 - 4 = -3*h. Suppose -h*g = -3*u - 45, 0*g + 2*u = -2*g + 12. Calculate the greatest common factor of 18 and g.
9
Suppose -3*h = h + 4*w - 272, 0 = h + 4*w - 77. What is the highest common divisor of h and 715?
65
Let t(b) = -b**2 + 7*b - 3. Let f be t(6). Suppose f*m + 2*m = 385. What is the highest common divisor of 11 and m?
11
Let t(g) = -g**